ainder when 517 is divided by 14.
13
What is the remainder when 3276 is divided by 649?
31
What is the remainder when 64 is divided by 45?
19
What is the remainder when 83 is divided by 83?
0
Calculate the remainder when 137 is divided by 66.
5
What is the remainder when 820 is divided by 15?
10
Calculate the remainder when 110 is divided by 14.
12
What is the remainder when 45 is divided by 16?
13
What is the remainder when 475 is divided by 162?
151
Calculate the remainder when 107 is divided by 11.
8
What is the remainder when 20094 is divided by 261?
258
What is the remainder when 1302 is divided by 77?
70
Calculate the remainder when 375 is divided by 140.
95
Calculate the remainder when 110 is divided by 22.
0
What is the remainder when 351 is divided by 119?
113
Calculate the remainder when 6537 is divided by 14.
13
Calculate the remainder when 1136 is divided by 385.
366
Calculate the remainder when 1760 is divided by 3.
2
What is the remainder when 108 is divided by 9?
0
What is the remainder when 158 is divided by 42?
32
Calculate the remainder when 166 is divided by 21.
19
Calculate the remainder when 166 is divided by 19.
14
What is the remainder when 288 is divided by 5?
3
What is the remainder when 187 is divided by 27?
25
Calculate the remainder when 894 is divided by 90.
84
Calculate the remainder when 953 is divided by 252.
197
Calculate the remainder when 177 is divided by 37.
29
Calculate the remainder when 931 is divided by 27.
13
What is the remainder when 1168 is divided by 294?
286
Calculate the remainder when 447 is divided by 16.
15
Calculate the remainder when 371 is divided by 125.
121
What is the remainder when 2673 is divided by 891?
0
What is the remainder when 223 is divided by 19?
14
What is the remainder when 813 is divided by 17?
14
What is the remainder when 1823 is divided by 22?
19
Calculate the remainder when 4830 is divided by 9.
6
Calculate the remainder when 103 is divided by 36.
31
What is the remainder when 65 is divided by 1?
0
What is the remainder when 95 is divided by 3?
2
What is the remainder when 99 is divided by 50?
49
What is the remainder when 123 is divided by 27?
15
What is the remainder when 13 is divided by 4?
1
Calculate the remainder when 184 is divided by 48.
40
What is the remainder when 3113 is divided by 41?
38
What is the remainder when 17 is divided by 5?
2
What is the remainder when 335 is divided by 15?
5
Calculate the remainder when 44 is divided by 8.
4
Calculate the remainder when 1170 is divided by 226.
40
What is the remainder when 4447 is divided by 49?
37
What is the remainder when 209 is divided by 10?
9
What is the remainder when 11423 is divided by 48?
47
Calculate the remainder when 257 is divided by 68.
53
What is the remainder when 81 is divided by 22?
15
Calculate the remainder when 1251 is divided by 11.
8
Calculate the remainder when 729 is divided by 190.
159
Calculate the remainder when 1514 is divided by 6.
2
What is the remainder when 126 is divided by 11?
5
Calculate the remainder when 234 is divided by 83.
68
Calculate the remainder when 655 is divided by 41.
40
Calculate the remainder when 6907 is divided by 47.
45
Calculate the remainder when 48 is divided by 22.
4
What is the remainder when 124 is divided by 14?
12
What is the remainder when 3231 is divided by 154?
151
Calculate the remainder when 541 is divided by 32.
29
Calculate the remainder when 67 is divided by 35.
32
Calculate the remainder when 664 is divided by 22.
4
Calculate the remainder when 124 is divided by 3.
1
Calculate the remainder when 128 is divided by 26.
24
What is the remainder when 4923 is divided by 29?
22
Calculate the remainder when 7616 is divided by 26.
24
What is the remainder when 2158 is divided by 72?
70
What is the remainder when 564 is divided by 6?
0
Calculate the remainder when 122 is divided by 18.
14
What is the remainder when 8057 is divided by 2?
1
What is the remainder when 351 is divided by 83?
19
Calculate the remainder when 447 is divided by 5.
2
Calculate the remainder when 391 is divided by 101.
88
What is the remainder when 1428 is divided by 110?
108
Calculate the remainder when 13065 is divided by 73.
71
What is the remainder when 36 is divided by 10?
6
Calculate the remainder when 827 is divided by 32.
27
Calculate the remainder when 1331 is divided by 67.
58
Calculate the remainder when 313 is divided by 32.
25
Calculate the remainder when 96 is divided by 49.
47
What is the remainder when 406 is divided by 55?
21
What is the remainder when 703 is divided by 16?
15
Calculate the remainder when 357 is divided by 8.
5
What is the remainder when 38 is divided by 34?
4
What is the remainder when 9715 is divided by 41?
39
Calculate the remainder when 5587 is divided by 11.
10
Calculate the remainder when 3490 is divided by 18.
16
Calculate the remainder when 2480 is divided by 9.
5
Calculate the remainder when 2054 is divided by 207.
191
Calculate the remainder when 238 is divided by 4.
2
Calculate the remainder when 204 is divided by 69.
66
What is the remainder when 116 is divided by 22?
6
What is the remainder when 1717 is divided by 1711?
6
What is the remainder when 177 is divided by 62?
53
Calculate the remainder when 488 is divided by 180.
128
Calculate the remainder when 1093 is divided by 19.
10
Calculate the remainder when 293 is divided by 8.
5
What is the remainder when 1583 is divided by 88?
87
What is the remainder when 299 is divided by 10?
9
What is the remainder when 5031 is divided by 32?
7
Calculate the remainder when 8927 is divided by 96.
95
What is the remainder when 620 is divided by 155?
0
Calculate the remainder when 666 is divided by 53.
30
Calculate the remainder when 82 is divided by 21.
19
Calculate the remainder when 237 is divided by 39.
3
Calculate the remainder when 221 is divided by 15.
11
Calculate the remainder when 19 is divided by 7.
5
Calculate the remainder when 74 is divided by 39.
35
What is the remainder when 96 is divided by 14?
12
Calculate the remainder when 211 is divided by 49.
15
What is the remainder when 688 is divided by 16?
0
Calculate the remainder when 98 is divided by 95.
3
What is the remainder when 288 is divided by 14?
8
Calculate the remainder when 125 is divided by 49.
27
What is the remainder when 334 is divided by 12?
10
What is the remainder when 974 is divided by 16?
14
What is the remainder when 2449 is divided by 19?
17
What is the remainder when 498 is divided by 161?
15
Calculate the remainder when 3082 is divided by 5.
2
What is the remainder when 539 is divided by 226?
87
What is the remainder when 723 is divided by 232?
27
What is the remainder when 224 is divided by 118?
106
What is the remainder when 344 is divided by 27?
20
Calculate the remainder when 4108 is divided by 11.
5
Calculate the remainder when 388 is divided by 153.
82
Calculate the remainder when 1891 is divided by 146.
139
What is the remainder when 1402 is divided by 54?
52
What is the remainder when 791 is divided by 80?
71
Calculate the remainder when 1497 is divided by 100.
97
Calculate the remainder when 77 is divided by 68.
9
Calculate the remainder when 45 is divided by 10.
5
What is the remainder when 65 is divided by 18?
11
Calculate the remainder when 392 is divided by 130.
2
Calculate the remainder when 5166 is divided by 22.
18
What is the remainder when 2317 is divided by 145?
142
Calculate the remainder when 1045 is divided by 35.
30
What is the remainder when 367 is divided by 176?
15
What is the remainder when 495 is divided by 131?
102
What is the remainder when 89 is divided by 14?
5
Calculate the remainder when 216 is divided by 20.
16
What is the remainder when 39 is divided by 16?
7
Calculate the remainder when 196 is divided by 18.
16
What is the remainder when 75 is divided by 38?
37
What is the remainder when 54 is divided by 11?
10
Calculate the remainder when 278 is divided by 56.
54
Calculate the remainder when 26 is divided by 18.
8
Calculate the remainder when 10079 is divided by 42.
41
What is the remainder when 27 is divided by 25?
2
Calculate the remainder when 51 is divided by 39.
12
Calculate the remainder when 39 is divided by 23.
16
What is the remainder when 152 is divided by 5